(-2). Let s be ((-17)/((-595)/(-150)) - (-24)/84) + 97. Let u = s - n. List the prime factors of u.
2, 3
Let h(y) be the second derivative of y**5/20 + y**4/4 - y**3/2 + 11*y**2 + y + 64. List the prime factors of h(8).
2, 3, 13
What are the prime factors of 184/414 + (-204598)/(-18) + 3 - 4?
2, 5683
Let g(a) = -a - 6. Let r be g(-7). Let x(j) = -j**2 - 16*j - 15. Let u be x(-18). Let t = r - u. List the prime factors of t.
2, 13
Let b be -2*(4 - (-55)/(-10)). Suppose 0*n + 2*n + 2*y - 94 = 0, 0 = -5*n + b*y + 219. Let w = n + 44. What are the prime factors of w?
89
Let o be 10/(-2 + -1 + 5). Suppose 0*g = 3*g - o*k - 1105, -4*k + 1420 = 4*g. List the prime factors of g.
2, 3, 5
Suppose 2*b - 9603 = -2*p + 4729, -35827 = -5*p - 2*b. List the prime factors of p.
5, 1433
Suppose 9*g - 17 = 1. Suppose 4*h - p + 72 = 0, -3*h = 2*h + g*p + 90. List the prime factors of ((-228)/h)/((-4)/(-6)).
19
Let g(f) = f + 2*f**2 + 9*f + 9*f + 69 - 82. Suppose 28 = -2*x - 4. List the prime factors of g(x).
3, 5, 13
Suppose 0 = 4*i + 8*i - 60. Suppose 4*p + z - 728 = 0, 2*p + 0*p - 364 = -i*z. What are the prime factors of p?
2, 7, 13
Let r(p) = 503*p - 7. Let l(c) = 251*c - 3. Let m(q) = -13*l(q) + 6*r(q). Let h be m(1). List the prime factors of (-3)/(-5 + 8)*(h + 0).
2, 31
Let m(k) = -33*k - 160. Let d be m(-5). Suppose -3*b - d*a = -4791, a = 4*a. What are the prime factors of b?
1597
Suppose 17*r + 16*r - 258022 = 268097. List the prime factors of r.
107, 149
Suppose 311190 = 3955*i - 3950*i. What are the prime factors of i?
2, 3, 11, 23, 41
Let m(s) = 114*s - 18. Suppose -17 = -4*o - 1. Let d be m(o). Suppose v = -v + d. What are the prime factors of v?
3, 73
Let z be 4 + -3 - 16/(-1 - -2). Let g be 2 - (z/(-1) + 3). List the prime factors of (g - 0)/2*(-126)/12.
2, 3, 7
Suppose 2*n = 4*u + 24, 4*n = 2*u + u + 48. Suppose 0 = -5*f + 4*v + 188, n = -v + 5*v. List the prime factors of f.
2, 5
Let z be (6 - (-392)/(-63)) + 47/9. Suppose 0*b = 3*b + 9, -2*w = -z*b - 795. Suppose -7*p + p + w = 0. What are the prime factors of p?
5, 13
Let l = 771 + -768. List the prime factors of ((-8 - -20)/(-4))/(l/(-155)).
5, 31
Suppose 3*z = 97 - 1. Suppose z = -6*u + 2*u. What are the prime factors of -2 - 2/(1*u/604)?
149
What are the prime factors of (70/(-25))/(5/(-1625))?
2, 5, 7, 13
What are the prime factors of (-15 - -11) + (-25)/(125/(-72960))?
2, 7, 521
Let i be (-2 - 1)/(-3) - (-1 - 0). Suppose -i*o = -5*q - 250, 3*o + 2*q + q = 375. What are the prime factors of o?
5
Suppose -70 = 14*l - 4*l. Let v(d) = d**3 + 9*d**2 - 12*d - 12. List the prime factors of v(l).
2, 5, 17
Let v = 26891 - 15423. List the prime factors of v.
2, 47, 61
Suppose -702121 = -72*p + 599639. What are the prime factors of p?
2, 5, 113
Suppose -11504 = -39*b + 43*b. Let y = 4094 + b. What are the prime factors of y?
2, 3, 7, 29
Let a(b) = -15731*b - 157. What are the prime factors of a(-1)?
2, 13, 599
List the prime factors of 14794002/189 - (-2)/4*(-8)/28.
5, 31, 101
Suppose 4193*o - 4162*o = 218829. What are the prime factors of o?
3, 13, 181
Suppose 23 - 11 = 2*f. Suppose -2*l - 3*q = -l - 68, -2*q = 5*l - 392. Suppose -2*h - l = -f*h. List the prime factors of h.
2, 5
Let f(c) = 362*c + 124. Let u be f(-3). What are the prime factors of 12/(-4) - -2 - u - 3?
2, 479
Suppose -22*s = -88769 - 66580 - 12423. What are the prime factors of s?
2, 3, 31, 41
Let u = 31821 - 29172. List the prime factors of u.
3, 883
Let s(v) = 11*v**2 + 10*v - 19. Let k be s(3). Suppose -15 - k = -5*j. List the prime factors of j.
5
Let t(h) = -h - 1. Let z(d) = -4*d - 8. Let u(n) = 8*t(n) - z(n). Let y be u(-1). List the prime factors of (5 - y)*(7 - -1).
2
Let r(o) = 117*o**3 + 26*o**2 + 24*o - 85. List the prime factors of r(5).
2, 5, 1531
Suppose -3*r + 36765 = 5*c, -30*r + 29*r + 12263 = -c. List the prime factors of r.
2, 5, 613
Suppose h + 2*j = 5*j + 17875, -h = -5*j - 17877. List the prime factors of h.
2, 1117
Let c(x) be the third derivative of -x**4/8 + 13*x**3/6 - 4*x**2. Let v be c(-11). Suppose -2*a + v = -116. What are the prime factors of a?
3
What are the prime factors of 17581 - -10*(-12)/16*(-4)/(-5)?
5, 19, 37
Let r(q) = 129*q**2 + 619*q - 11. List the prime factors of r(-6).
919
Suppose 3*x + 217 = 316. Suppose 5*a + x = -2*n + 156, -3*n + a + 227 = 0. What are the prime factors of n?
2, 37
Let i(o) = -o**2 - 6*o + 7. Let d be i(-6). List the prime factors of (1 - -407)*((-2 - 4) + d).
2, 3, 17
Let o = -113 + 654. What are the prime factors of o?
541
Suppose -2*k + 12 = -6*k - 3*l, 4*k - 4*l = -12. Suppose 0 = 2*f - 5*q - 104, 4*q = -2*f - 82 + 222. Let i = f + k. What are the prime factors of i?
59
Suppose -3*n - 42 = 3. Let h = -3271 + 1990. What are the prime factors of 4/(-10) + h/n?
5, 17
Let g = 51 - 50. Let m(p) = 258*p - 3. Let q be m(g). Let s = -134 + q. What are the prime factors of s?
11
Suppose u + 0*u + 64 = 0. Let n = -89 - u. Let p = 5 - n. List the prime factors of p.
2, 3, 5
Let h be ((-16)/10)/(1 - 68/60). Suppose -42*b + h = -38*b. Suppose 660 = 4*i + r, -480 = -b*i + 3*r - 0*r. List the prime factors of i.
2, 41
Let k(w) be the third derivative of -w**6/40 - w**5/12 - w**4/24 - 5*w**3/6 + 18*w**2. Let b be k(-5). Suppose b = 7*c + 3*c. What are the prime factors of c?
5
Suppose -132*f + 131*f = 247. Let v = f - -118. Let t = v + 142. What are the prime factors of t?
13
Let z be 1/(-2)*(-1 - (4 + -1)). Suppose z*w + i = 25, -3*w + 12 + 26 = i. Let t = w + 87. List the prime factors of t.
2, 5
Let w = 22410 - 12634. What are the prime factors of w?
2, 13, 47
Suppose -40*j = 465 + 175. Let x(o) = 3*o**2 + 27*o + 14. What are the prime factors of x(j)?
2, 5, 7
Suppose 0 = p + 3*r - 9, 21 = 4*p + 5*r - 1. Suppose -3*t + p = -9, 154 = -3*l - 2*t. Let n = 104 + l. List the prime factors of n.
2, 5
List the prime factors of 170708/52 - ((-24)/(-390))/((-2)/5).
7, 67
Suppose -27*g + 94611 = -82401. What are the prime factors of g?
2, 11, 149
What are the prime factors of ((-105)/63)/(10/12)*-21584?
2, 19, 71
Let u = 35274 + -21988. List the prime factors of u.
2, 7, 13, 73
What are the prime factors of ((-2148)/10)/(6/(-30)*(-9)/(-30))?
2, 5, 179
Let g = 9264 - 5873. Suppose 5*m + 4*w - 4223 = -0*m, 0 = -4*m + w + g. List the prime factors of m.
7, 11
Suppose 21*k - 20*k - h + 3370 = 0, -4*h - 16 = 0. Let u = -1955 - k. What are the prime factors of u?
3, 11, 43
Let z(d) = 43*d + 1 - 68*d - d**2 - 20*d**2 + 2*d**2 - d**3. Let i be z(-18). Let m = i - -110. What are the prime factors of m?
3, 79
Suppose 2*w = 0, 13*w + 52 = 4*p + 8*w. Suppose 17120 - 5251 = p*h. What are the prime factors of h?
11, 83
Suppose 4*k + 104 = m - 77, 0 = -4*k - 12. Let r = m - -21. What are the prime factors of r?
2, 5, 19
Suppose 0 = -29*g + 277323 + 82393. What are the prime factors of g?
2, 7, 443
Let u = 49925 - 24903. List the prime factors of u.
2, 12511
Suppose -8 = y + 1. Let i be (6/y)/((-4)/(-204)). Let p = 61 + i. What are the prime factors of p?
3
Let g(p) be the third derivative of 91*p**6/120 + p**5/60 - p**3/6 - 215*p**2. Let m = 3 + -2. List the prime factors of g(m).
7, 13
Let p be (-3)/(-1) + 3 + -4. Suppose p*r + 74 = 5*x + 4, 85 = 5*x - 5*r. What are the prime factors of 1228/x - 1/3?
2, 3, 17
Suppose 1 = h - 1, r + h = 530. Let m = 824 - r. List the prime factors of m.
2, 37
Suppose 0 = 3*j + 4*k - k - 5118, -1721 = -j + 4*k. Suppose -j*i + 1715*i - 5628 = 0. What are the prime factors of i?
2, 7, 67
Let a be (-399)/76*(-216 - 0). Let u = 3 + a. What are the prime factors of u?
3, 379
Let x(s) = 11*s**2 - 6*s + 5. Let r be x(1). Suppose -a + 291 = 5*n, 5*a = r*a - 5*n - 1545. List the prime factors of a.
2, 3, 17
Let u be (36/20)/((-45)/(-75)). Suppose 5*b - 8783 + 1971 = -4*i, -u*b = -i + 1686. List the prime factors of i.
2, 3, 283
Suppose 0 = -q - 4*o - 30, 2*q - 29 = -4*o - 85. What are the prime factors of 2 + q/4*-58?
379
Let p = 8 + 31. Let v = 44 - p. List the prime factors of (9/2 - (v + -6))*2.
11
Suppose 5040 = -5*t + 3*n - 11256, -3*t = -4*n + 9771. Let a = t + 4681. Suppose -166 - a = -13*c. List the prime factors of c.
2, 61
Let k = 302 - 296. Suppose -11*u + 1640 = -k*u. What are the prime factors of u?
2, 41
Let u be (792/(-352))/(3/(-116)) - 3. Suppose -g - 1